What is the tens digit of (-372)/(-4) - (0/d - -2)?
9
Let u(c) = -84*c**2 - 6*c - c**3 + c + 79*c**2. Let a be u(-4). What is the tens digit of 30/a*16/6?
2
Suppose 5*j = -3*s + 12403, -s = j - 6134 + 1999. What is the hundreds digit of s?
1
Suppose -2*d - 2*f + 3350 = 0, -4*f - 2 + 6 = 0. What is the units digit of d?
4
Suppose -13647 = -42*p + 465. What is the units digit of p?
6
Suppose -l - p - 125 = -3027, -4 = -4*p. What is the units digit of l?
1
Suppose -32 + 356 = 4*q. Suppose 2*b - 228 = -3*g, g - b - q = -0*b. What is the units digit of g?
8
Suppose 5*k = 13 - 8. Let d be -1 - k - (14 + 2). What is the units digit of 4/(-6)*837/d?
1
Let l = 24 - 21. Suppose 0 = j + 2*j - l*u - 210, 3*j = -4*u + 210. What is the tens digit of j?
7
Suppose 1 = l - 0. Suppose w = b - 2, 2*w + l = 5*b - 15. Suppose -j = -b - 9. What is the units digit of j?
3
Let m be (1 + 1)/(8/12). Suppose 3*v = 2*j - 64, m*j - 2*v = 11 + 90. What is the units digit of j?
5
Suppose 305*s = 321*s - 19104. What is the units digit of s?
4
Suppose 0 = 3*a - 0*a - 12. Suppose 0*h = a*h - 16. Suppose v - h*v + 78 = 0. What is the tens digit of v?
2
Let q(f) = 5*f**3 - f**2 - 41*f + 12. What is the hundreds digit of q(6)?
8
Let z(c) = 19*c**3 - 10*c**2 + 3*c - 12. What is the tens digit of z(5)?
2
Let z(s) = 4*s**2 + 11*s + 22. What is the tens digit of z(-14)?
5
Let j(u) = u**3 - 8*u**2 - 1 + 0 + u - 6. Let b be j(8). What is the tens digit of 96/8 + b + 0?
1
Suppose 12 = 3*d - 4*i, -2*d - 4*i = 6 + 6. Suppose 14*w - 17*w = -2*s + 231, -3*s - w + 341 = d. What is the tens digit of s?
1
Suppose 4*y + 3*n - 15 = 0, 4*y - 2*n + 25 = 3*n. Suppose -7*x + x + 264 = y. What is the units digit of x?
4
Let m(f) = 17*f + 2 - 16*f - 6 - 13*f. What is the units digit of m(-6)?
8
Let y(w) = -w + 11. Suppose -40 = 2*j - 7*j. Let h be y(j). What is the units digit of (-9)/(-4)*8/h?
6
Let o be (4 - 3 - -27) + 2. Suppose 18*p = 19*p - o. What is the units digit of p?
0
Suppose 3*h = 2*y + 3 + 22, 2*y + 10 = 0. Suppose -h*d + d - o = -206, 5*d = -3*o + 261. What is the tens digit of d?
5
Let n(x) = x**3 - 3*x**2 - 8*x + 5. Suppose -40 + 1 = -3*h. Let d(i) = -i**3 + 13*i**2 + i - 8. Let s be d(h). What is the units digit of n(s)?
5
Suppose -s + 13 = 5*h, -5*s = -7*h + 2*h + 25. What is the units digit of 181*h/2*(-26)/(-39)?
1
Let b(y) = 28*y**2 - y - 1. What is the tens digit of b(-5)?
0
Let h = 5 - 2. Suppose 0 = 2*j - 1 - 3. Suppose 0 = h*w + j*w - 30. What is the units digit of w?
6
Let p(d) = 3*d**2 + 18*d + 16. What is the hundreds digit of p(-17)?
5
Suppose 10 + 2 = -4*s. What is the tens digit of (27/s)/((-3)/36)?
0
What is the tens digit of 2 - 28/4 - -203?
9
Let w = -688 + 2208. What is the units digit of w?
0
Suppose 3*n - 4*b - 3962 = -5, 3*b = 2*n - 2639. What is the thousands digit of n?
1
Let l = 129 + -125. Let y be 0 - (0 + 1*15). What is the tens digit of l - 3 - (y + 0)?
1
Let v = -117 - -291. What is the tens digit of v?
7
Suppose 2*n = 5*u + 1417, -6*u + 5 = -7*u. What is the hundreds digit of n?
6
Let t(h) = 12*h**2 - h + 1. Let o be t(-1). What is the tens digit of 4/o + 15782/182?
8
Let c = 7 + 9. Suppose 2*p + 4 = c. What is the units digit of p?
6
Let l be (-3)/((-6)/86) + -2. Suppose 62*q - 19*q = 0. Suppose r - l = -q*r. What is the units digit of r?
1
Let v be ((-2)/4)/((34/1824)/17). What is the tens digit of (v/32)/((-9)/24)?
3
Let y(o) = -112*o + 26. What is the tens digit of y(-3)?
6
Suppose -g - 28 = -4*t - 10, -g - t = -7. What is the units digit of (-4 - 72)*((-5)/g + 2)?
8
Let g = 0 - -5. Let f(x) = g*x - 4 - x - 2*x + 3*x. What is the units digit of f(3)?
1
Let x(l) = l**2 - 2*l - 11. Let a be x(-3). Suppose 4*u + 204 = 2*j - 36, a*j - 4*u = 488. What is the tens digit of j?
2
Suppose a = 5 - 0. Suppose 3*d = a*d. Suppose 5*c - y = y + 62, -5*c - 4*y + 86 = d. What is the units digit of c?
4
Suppose 368 - 1090 = 2*t. Let f = -235 - t. Suppose -5*k = -f - 4. What is the tens digit of k?
2
Let q = -736 + 1599. What is the tens digit of q?
6
Suppose -2*r - n + 76 = -3*n, 2*r + 2*n = 84. Suppose 3*w - 4*w = 3. What is the units digit of r/(1 - -1) - w?
3
Suppose 2*s - 32 = 4*z, -z - 6*s - 26 = -2*s. Let y(x) = -x**2 - 10*x + 23. What is the units digit of y(z)?
3
Let j = -186 - -259. What is the units digit of j?
3
Let l = 1916 + -264. What is the units digit of l?
2
Suppose 5*g - 3340 = 5*v - 9*v, 5*v - 4188 = -3*g. What is the hundreds digit of v?
8
Let h(q) = q**3 + 19*q**2 - 11*q + 18. What is the units digit of h(-10)?
8
What is the units digit of 4779 + 11/(121/(-22))?
7
Suppose 3*o + 3*k - 48 = 0, -2*o - 7*k + 2*k + 41 = 0. Suppose 0 = -15*l + o*l + 54. What is the tens digit of l?
2
Suppose b - 2*g - 560 = 0, -3*b - 26*g + 1710 = -22*g. What is the tens digit of b?
6
Let u = -31 + 37. Suppose -138 = -u*z + 264. What is the units digit of z?
7
Suppose -2061 = -3*p + c, 5*c = 2*c - 9. What is the tens digit of p?
8
Suppose -9*l + 8*l = -3. Suppose -4*c + 3*m + 288 = 0, -l*c = c + 3*m - 264. What is the tens digit of c?
6
Suppose 1143 = 5*u - 0*x - 2*x, -u - 5*x = -234. What is the tens digit of u?
2
Let i = 3112 + 549. What is the units digit of i?
1
Let y(u) = u**3 + 23*u**2 - 52*u - 15. What is the hundreds digit of y(-24)?
6
Let o = 6296 - 4489. What is the units digit of o?
7
Let k be (-1 + 0)/(3/15). Let i be ((k - -4) + 96)*1. Suppose 4*a = 3*q + i, 4*a - 3*q + 5*q - 90 = 0. What is the units digit of a?
3
Let x = 343 - -33. What is the units digit of x/6 + (-88)/(-66)?
4
Let u(c) = -c**3 - 9*c**2 - 2*c - 16. Let a be u(-10). Suppose a + 46 = 3*n. What is the units digit of n?
0
Suppose 0 = n - 0*n + 20. Let q(p) be the second derivative of p**5/20 + 7*p**4/4 + 3*p**3 + 13*p**2/2 - 17*p. What is the units digit of q(n)?
3
Let c be ((-78)/(-4))/(-3)*-2. Let z(t) = t + 1. Let x(u) = -5*u - 13. Let o(a) = -x(a) - 4*z(a). What is the units digit of o(c)?
2
Let g(z) = -65*z - 16 - 14 + 29 - 44*z. Let u be g(-1). Suppose -2*l = -8*l + u. What is the tens digit of l?
1
What is the units digit of (-25)/10 - -2 - (-12693)/6?
5
Let l be 5/(-2)*18/5. Let u be 3/l + 215/15. Suppose -a + u = a. What is the units digit of a?
7
Suppose -4*t + 792 = 2*y, 384 = y - 0*y - 2*t. What is the tens digit of y?
9
Suppose 2*c = 3*c + 3, 4*c + 1916 = 2*x. Suppose 3*z + 40 - x = 0. What is the units digit of z?
4
Suppose 0 = 2*b + 390 - 2160. Suppose 2*m - 435 = w, m - w + b = 5*m. What is the hundreds digit of m?
2
Let p = 168 + -815. Let x = -387 - p. What is the units digit of x?
0
Let i(v) = -4*v + 6. Suppose t + 2*x + 4 = 2*t, 3*x - 3 = -3*t. Suppose -t*q = -1 + 21. What is the tens digit of i(q)?
4
Suppose 2*u = z + 3, 0 = 4*z - u + 4 + 15. Let m(h) = h**2 + 5*h + 19. What is the units digit of m(z)?
9
Suppose u = -u + 8. Suppose 0 = u*l - 11 - 1. Suppose m - l = 22. What is the units digit of m?
5
Suppose r + 2*r = -a - 6, -5*a = -4*r - 46. Suppose -a*j + 10 = -j. Suppose -l - j*l = -3. What is the units digit of l?
1
Suppose -11*s = -3436 - 5111. What is the units digit of s?
7
Suppose -5*l + 0*l = -25. Suppose 2*f - 332 = -3*c, 4*f + c - 390 = 294. Suppose a = l*a - f. What is the tens digit of a?
4
Suppose 36*p - 36 = 39*p. What is the units digit of 44/(p/(-9) + 2/(-6))?
4
What is the tens digit of 2/12 + -1*117719/(-42)?
0
Let b(l) = 78*l**2 + l. Let t = 0 + -1. What is the units digit of b(t)?
7
Suppose 4*d = 3*m - 241, 4*m - 303 - 50 = -d. Suppose -j + m = -0*j. What is the tens digit of j?
8
Let a(o) be the second derivative of -5*o**3/3 - 35*o**2/2 + 3*o. What is the tens digit of a(-12)?
8
Let d(h) be the second derivative of h**4/4 - h**3/2 - 7*h. Let t be d(6). What is the units digit of t/(-6)*(-1)/3?
5
Let f(h) = 2*h - 8. Let m be f(8). Let t = -17 + m. What is the tens digit of (-6)/(-9) - 417/t?
4
Let f(l) = l**2 + 13*l + 14. Let p be f(-12). Suppose 0 = -j + 2, 183 = -p*s + 7*s + 4*j. What is the units digit of s + 1 + (-1 - 3)?
2
Let l = -215 + 104. What is the tens digit of 5/(-1) - l/3?
3
Suppose -4*w + 95 = -0*w + 5*h, -4*h + 71 = 3*w. Let q = -77 - -119. Let x = q - w. What is the units digit of x?
7
Suppose -8*a + 557 = -83. Suppose -98 - a = -2*i. What is the units digit of i?
9
Let m be 14*(1 - 6)/(-10). Let c be (-20)/(-10) + m/1. Suppo